ose -2*v + w = 2*v. Suppose -7*t + v = -6*t. What is the tens digit of t?
1
Suppose -w = -4*d + 15, 2*w + 3 - 9 = -4*d. Suppose -s + 18 = -b - 6, d*b + 53 = 2*s. What is the units digit of s?
9
Let t = -2 - 11. Let d = -8 - t. Suppose 2*f = b - 3, 0 = -3*b + d*f - 3*f + 29. What is the units digit of b?
3
What is the tens digit of (13/((-39)/180))/(-1)?
6
Let f = -45 - -99. What is the tens digit of f?
5
Suppose -4*c = 0, 2*o - 7*c + 3*c - 274 = 0. What is the hundreds digit of o?
1
Suppose 18*t - 296 = 10*t. What is the tens digit of t?
3
Let j be 1/(-3)*(-27)/1. Let h = j + -3. What is the units digit of h?
6
Suppose 5*a - 8 = 72. What is the units digit of 75/(-20)*a/(-6)?
0
Let d be (-12)/10 + (-5)/(-25). What is the units digit of (2 + d)*3*2?
6
Suppose 0 = 5*c, -3*l + 53 = 3*c - 34. What is the units digit of l?
9
Suppose 0 = f + 1, -4 = -5*g + 2*f - 2. Suppose -2*i + g = -4. Suppose -6 = -i*w + 8. What is the units digit of w?
7
Suppose 0 = 4*z - 0*z. Suppose 4*t - 17 + 7 = 3*j, 2*j - 8 = -t. Suppose -7*i + t*i + 54 = z. What is the tens digit of i?
1
Suppose -3*a + h - 13 = 6*h, -5*h = -5. Let v be 2/(-6) - 50/a. Suppose 3*s - 2*q = 34, 3*s + 1 = -v*q + 3*q. What is the units digit of s?
8
Suppose -5 - 10 = -5*r. Suppose -18 = -r*l - 0. What is the units digit of l?
6
Suppose 73 = -5*y + 453. What is the units digit of y?
6
Suppose -2*z = z - 6. What is the units digit of 27/2 + 1/z?
4
Suppose 3 = -z + 14. What is the units digit of z?
1
Let a(h) = h + 4 - 2 - 1 + 2. What is the units digit of a(6)?
9
Suppose -4*j - 2 = -10. Suppose -f = d + 2*f - 26, -j*f - 2 = 0. What is the tens digit of d?
2
Let k(n) = -n**2 + 8*n + 2. Suppose 14 = w - 0*w + 3*l, -3*l + 46 = 5*w. What is the units digit of k(w)?
2
What is the units digit of 4 - (-16 + 17)/((-2)/706)?
7
Let a = -19 - -135. Suppose -3*v = v - a. What is the units digit of v?
9
Let y = -34 + 55. Let u = -12 + y. What is the units digit of u?
9
Let g be 64/2*3/6. Suppose -20 = -7*w + 2*w. Suppose 5*u = -x - g, -w*u + 3*u - 4 = 0. What is the units digit of x?
4
Let o be 1/2*2 + 1. Let c(u) = 0*u + o + 2 + u. What is the units digit of c(3)?
7
Let o = 130 + -102. What is the units digit of o?
8
Let d(q) = -q + 1 - q - q**2 + 4*q. What is the units digit of d(2)?
1
Let n(x) = -2*x - 2 + 2. Let u be n(6). Let i = -5 - u. What is the units digit of i?
7
Suppose 2*t = -2*t + 252. What is the tens digit of t?
6
Suppose 2*o + 6*t - 2*t = 668, 4*t = -5*o + 1640. What is the units digit of o?
4
Suppose -276 = -g - 5*g. What is the units digit of g?
6
Suppose 40 = 5*x + 5*q, -4*x + 6*q - 3*q = -18. Let r = -46 + 41. Let g = x + r. What is the units digit of g?
1
Let b(d) = d**2 - 4*d. Let z be b(3). What is the tens digit of (z - -4) + 1 + 21?
2
Let c(g) = -g**3 + 5*g**2 - 2*g - 4. What is the units digit of c(4)?
4
Suppose -18 = 3*v + u, 0*v - 5*u + 24 = -4*v. Suppose 3*a + 68 = -5*z, 43 = -z - 2*z - 4*a. Let b = v - z. What is the units digit of b?
7
Suppose -2868 + 55 = -29*l. What is the tens digit of l?
9
Let m = -90 + 141. What is the tens digit of m?
5
Suppose -g + 23 = -0*g - 2*w, -3*g = -w - 74. What is the units digit of g?
5
Let c(t) = -t**3 - 3*t**2 + 3*t - 6. Let l be c(-5). Suppose 2*i + 3*n - l = -1, 2*n = 8. What is the units digit of i?
8
Let f = 19 - 17. Suppose -f*v + 64 + 19 = 5*d, 2*v - 63 = -d. What is the tens digit of v?
2
Let i be -12*(-2 - (-6)/9). Let t = 29 - i. What is the units digit of t?
3
Suppose -154 + 11 = -5*g - n, -4*g + 2*n + 106 = 0. What is the tens digit of g?
2
Let r(l) = -l**3 - 13*l**2 - 15*l - 16. What is the units digit of r(-12)?
0
Let i = -4 - -7. Suppose i*k - 94 = -13. What is the tens digit of 2/(6/k) - -3?
1
Suppose 3*y = 2*f + 167, 192 = 3*y + 2*f + f. What is the units digit of y?
9
Let v be 8 + 2/2 + -4. Let h(b) = b**2 - b - 1. Let n be h(0). Let o = v + n. What is the units digit of o?
4
Suppose 4*m - 88 + 4 = 0. Suppose 7 = -v - m. What is the units digit of 10/4*v/(-10)?
7
Let a be (3 - 0) + 0 + 68. Suppose -a = -0*c - 2*c - 5*r, -5*c - 5*r + 155 = 0. What is the tens digit of c?
2
Suppose -19 = -5*r - 4*u, 1 = -u + 2*u. Suppose 6 = -r*a - 60. Let y = a - -37. What is the units digit of y?
5
Let u(d) = -d**2 - 4*d + 2. Let n be u(-4). Let w = n + -1. Let g(s) = 6*s**3 + 2*s**2 - 2*s + 1. What is the units digit of g(w)?
7
Let p = 7 - 3. Suppose y - 23 = p*c, 8 = 4*y + 2*c + 3*c. Suppose -y*m = -3*m - 80. What is the units digit of m?
0
Let j be (23 + 3)/(2/1). Suppose -q = -3*d + j, -q + 1 = 3*d + q. What is the units digit of d?
3
Let g = 256 - 135. What is the hundreds digit of g?
1
Let p(d) = -5*d**3 + 12*d**2 + 9*d - 4. Let j(a) = -4*a**3 + 11*a**2 + 8*a - 4. Let y(q) = 6*j(q) - 5*p(q). What is the units digit of y(-5)?
6
Let r(f) = -6*f - 15. What is the units digit of r(-9)?
9
Let r(q) be the second derivative of -q**3 + 5/2*q**2 + 0 - 1/12*q**4 + 3*q. What is the units digit of r(-6)?
5
Suppose 5*d - 514 = 761. What is the hundreds digit of d?
2
Let d(v) = v - 13*v**2 + 3 + 4 + v**3 + 10 + 0. What is the tens digit of d(13)?
3
Let h(f) = -f**3 - 5*f**2 - f - 1. Suppose -2 = r + 3. What is the units digit of h(r)?
4
Suppose 2*i + 9 = 5*i. Let w = i + 0. Suppose 23 - w = 4*c. What is the units digit of c?
5
Suppose -2 = -2*d - 0. Let g = d + 3. Let j = g + 0. What is the units digit of j?
4
Suppose i - 3 = -0*i. Suppose s + 4*v + i = 0, 2*s - 2*v + 21 = 7*s. Suppose -3*y = -s*t + 55, -y - 49 = -4*t + 2. What is the units digit of t?
4
Let k = -127 + 160. What is the tens digit of k?
3
Suppose 3*m - 112 = -q + 2*q, 3*q + 146 = 4*m. What is the units digit of m?
8
What is the units digit of ((-16)/(-10))/((-5)/(-25))?
8
Let p(n) = -10*n + 1. Let g be (0 - -1)*(-3 + 2). What is the units digit of p(g)?
1
Let v = 5 - 0. Suppose -8 - v = -f. What is the tens digit of f?
1
Suppose 3*h + 105 = p + 4*p, -4*p = -h - 84. Let q be (3/4)/(1/(-8)). Let a = q + p. What is the tens digit of a?
1
Suppose 4*c = -2*c + 642. What is the units digit of c?
7
Suppose 32 = 3*r - 4*r. What is the units digit of (-1*3)/(12/r)?
8
Let n = 118 - 31. Suppose 5*o - 4*h + 17 = n, 0 = 5*o + 4*h - 110. What is the units digit of o?
8
Let l(j) = 23*j - 28. What is the hundreds digit of l(8)?
1
Let l(s) = s**2 + 8*s - 8. Let z be l(-9). Let p(q) = -q**3 - 4*q**2 - 2*q - 6. Let m be p(-4). What is the units digit of m + -1 + z + 2?
4
Suppose 0 = -5*k + 49 - 19. Let s(b) = 2*b - 5*b + 2*b + k. What is the units digit of s(0)?
6
Suppose -4*u = -j - 5, -j + 6 = u + 1. Suppose 5*g = j*g + 8. What is the units digit of g?
4
Let z = -468 - -657. What is the tens digit of z?
8
Let o(l) = 4*l + 3*l**2 - 4 + 11*l**2 + 3 + 3. Let k be o(-2). Suppose 5*n - 11 = 5*s + 29, -5*n = -3*s - k. What is the units digit of n?
3
What is the units digit of 5/((-5)/(-96))*(-5 - -8)?
8
Suppose -5*k + 122 = -23. What is the tens digit of k?
2
Let g be ((-2)/4)/(1/(-14)). Let q be ((-4)/g)/(8/(-28)). Suppose 5*n - q*d - 35 = 0, -n - 5*d - 40 = -4*n. What is the units digit of n?
5
Suppose -5*q + 20 = -5*a, -2*a = -q - 1 + 5. What is the units digit of q?
4
Suppose 3*z = -0*z. Let h(y) = y**3 + y + 4. Let w be h(z). Suppose 5*s + g - 5 = 0, w*g + 31 = 3*s - g. What is the units digit of s?
2
Suppose -4*t + 178 = 5*n + 22, 0 = -4*n + 3*t + 100. What is the tens digit of n?
2
What is the units digit of (2 - 2)/4 - -7?
7
Let m be (10 - 0) + 8/(-4). Let a be 5*(m/(-5))/2. Let i = -1 - a. What is the units digit of i?
3
Let v = -60 - -33. Let m = -18 - v. What is the units digit of m?
9
Suppose -2*u = -f - f + 10, 0 = -2*f + 5*u + 19. Let n be 112/504 + 1 + (-2)/9. Let m = n + f. What is the units digit of m?
3
Let m be (-1)/2 + (-19)/(-2). Let x be m*(3 - (-8)/(-3)). Suppose 20 = x*h - h. What is the units digit of h?
0
Let f = -13 - -8. Let m = -23 - f. What is the units digit of 1/3 + (-192)/m?
1
Suppose 0 = -4*m + 22 - 2. Suppose 3*x + 8 = m*x. What is the units digit of x?
4
Let z = 15 - 3. Let f = z - 9. What is the units digit of f?
3
Suppose 5 = 4*t - 3*b, 5*t + 4*b = -0*b + 14. Suppose 4*c - 2*l - 16 = t*l, 0 = -5*c - 5*l + 60. What is the units digit of c?
8
Let v(w) = w**3 + 9*w**2 - 11*w - 11. Let u be v(-10). Let o be u*(1 - 0)*-1. What is the tens digit of ((-66)/12)/(o/(-2))?
1
S